**2 + 3*w + 2. Let k be p(-2). Suppose k*r = -r. Suppose -27 = -3*m - r*m. What is the units digit of m?
9
What is the tens digit of (36 - (3 - 0)) + -1?
3
Let l be (-42)/(-9) - 4/6. Suppose 2*u + 6*q - q + 20 = 0, l*u - 3*q = 12. Suppose y + 5*a = -20 + 1, -5*a - 20 = u. What is the units digit of y?
1
Let g = -3 - -6. Let p be g/9 - 28/(-6). Suppose j = -y + 5 - 1, -30 = -p*j - 3*y. What is the units digit of j?
9
Let l = -3 + 8. Suppose -l*i - 79 = -299. What is the units digit of i?
4
Let d(n) = n - 4. Let s be d(8). What is the units digit of 5/(1 + 0/s)?
5
Suppose -5*m + 183 = -772. What is the units digit of m?
1
Let q(v) = v**3 + 10*v**2 + 10*v + 3. Let y be q(-9). Let t be (3 - 2)/((-2)/y). Suppose -3 = -3*x + t. What is the units digit of x?
2
Let h(a) = -34*a - 3. Let t(p) = 17*p + 2. Let y(c) = -3*h(c) - 5*t(c). Let s be y(1). Suppose -4*v = 2*b, -5*b = -5*v + 14 + s. What is the units digit of v?
2
Suppose -3*u = 15 + 9. Let l(b) = b**3 + 7*b**2 - 8*b + 10. Let o be l(u). What is the units digit of (-6 - -4)/((-4)/o)?
5
Let l(a) = 12*a - 6. Let j(i) = -11*i + 5. Let b(c) = -6*j(c) - 5*l(c). What is the units digit of b(1)?
6
Let u = 29 + -1. What is the tens digit of u?
2
Let p be 5 - (0 - (-1 - 2)). Suppose p*i - 7 - 53 = 0. What is the units digit of i?
0
Let t be 18/30*(5 - 0). Suppose v - 5*s = 13, -10 = -t*v + 2*v + 2*s. What is the units digit of v?
8
Suppose -3*c = d - 3 - 17, 2*c + 150 = 4*d. What is the tens digit of d?
3
Let o be (-2)/5 - (-111)/15. Suppose 0 = -o*z + 2*z + 25. What is the units digit of z?
5
Let p(f) = f**3 + f**2 - f + 36. Let z be p(0). Suppose -5*r = -44 - z. What is the units digit of r?
6
Suppose -4*n = 4*i - 12, -19 = -4*n + i + 2*i. Suppose -6 = d + 3*v - 36, 4*d + n*v - 88 = 0. What is the units digit of d?
8
Suppose 0 = -34*i + 35*i - 59. What is the units digit of i?
9
Suppose -r + 6*r - 410 = -5*v, 164 = 2*v + r. What is the tens digit of v?
8
Suppose -14*q + 15*q = 148. What is the units digit of q?
8
Let h(n) = 20*n + 2. Let d be h(2). What is the tens digit of d*-2*3/(-12)?
2
Suppose 0 = 3*p - 7*p - 4*n + 144, -5*p = -n - 204. What is the tens digit of p?
4
Let b(d) = 32*d - 7. What is the tens digit of b(3)?
8
Let a(m) = 5*m**2 + 2*m - 2. Let l = 10 - 8. What is the units digit of a(l)?
2
Let h = -8 - -12. Suppose 16 = h*r - 2*r. What is the units digit of ((-14)/r)/((-1)/4)?
7
What is the units digit of 2/7 - 5097/42*-2?
3
Let g be 2/(-4) - 7/2. Let j = g - -3. What is the units digit of ((-16)/4)/(j + -1)?
2
Suppose -2*f = 2*n, -3*n + 0*n - 16 = -5*f. Suppose f*a = -h + 32, 0 = -h + 3*h. Let d = a + -10. What is the units digit of d?
6
Let c(b) = 8*b. Let j be 6/5*10/4. Suppose j*t = -3*g + 12, -t + 3 = 2*g - 3. What is the units digit of c(t)?
6
Suppose 3*b + 5*g = 4*g + 7, 5*b + 2*g - 13 = 0. What is the units digit of b?
1
Let m = -8 + -2. Let x be (4/m)/((-1)/10). Suppose 0 = -k + 3 + x. What is the units digit of k?
7
Let o(z) = -51*z - 5. What is the tens digit of o(-6)?
0
Let f = 85 + -46. What is the tens digit of f/2 - 8/16?
1
Suppose 0*j - j - 15 = 0. Let f = -5 - j. What is the units digit of f/6*(3 - -3)?
0
Let m = 0 - 62. Let v = m + 89. What is the units digit of v?
7
Let j(d) = -d + 4. Let r be j(0). Suppose -r*l + 13 + 27 = 0. What is the tens digit of l?
1
Let f(d) = -d - 3. Let v be f(-5). What is the tens digit of -5*(-4 - (v + -1))?
2
Let y be 8*(-2 + (-33)/(-12)). Suppose -56 = -5*g - 2*o - y, -4*g - 3*o + 33 = 0. What is the units digit of g?
2
Suppose 4*r = -0*r + 8. Let x = 82 - 49. Suppose -x = -5*q + 5*w + 7, 0 = -r*q - w + 22. What is the tens digit of q?
1
Let l(n) = -14*n + 24. What is the hundreds digit of l(-8)?
1
What is the tens digit of (-9)/(-45) + (-182)/20*-8?
7
Let k(l) = l**2 + 2*l - 3. Let o be k(-4). Suppose o*m - 32 + 12 = 0. What is the units digit of m?
4
Suppose -2*f + i + 58 = 3*i, 4*i - 29 = -f. Let n = f - 19. What is the tens digit of n?
1
What is the hundreds digit of -1*(-11)/(55/720)?
1
Let k = 3 - 0. Suppose 3*n - 3*q = -k, -n + 3 = -0*q + 3*q. Suppose n + 11 = t. What is the units digit of t?
1
What is the hundreds digit of (30 - 25)*79*1?
3
Let f(x) = -x**2 - 5*x - 3. Let j be f(-4). Let a = j + 15. What is the tens digit of a?
1
Suppose -5*i + 140 = -510. What is the units digit of i?
0
Let b(l) = -l**3 + 12*l**2 - 8*l - 6. What is the tens digit of b(11)?
2
Suppose 6 = 4*w - 2. What is the units digit of w/(-5) - (-77)/5?
5
Let b be 4/(-3)*(-3)/2. What is the units digit of (-8 - (1 - b))/(-1)?
7
What is the tens digit of (0 - 918/(-21)) + (-4)/(-14)?
4
Suppose 2*r - 5*n - 588 = 1, 0 = 2*r - n - 585. What is the hundreds digit of r?
2
Suppose -6*o = -15 - 21. What is the units digit of o?
6
Suppose 19*x - 14*x - 30 = 0. Suppose -3*a = a - 52. Suppose -t = -a - x. What is the units digit of t?
9
Suppose 3*b + i - 405 = 0, -b = -i - 126 - 13. What is the tens digit of b?
3
Let i(n) = -n**3 + 3*n**2 + 4*n - 6. Let h be i(4). Let u = 9 + h. Suppose -4*j + 24 = 3*p, -u*j = -p - 3 - 15. What is the units digit of j?
6
Let h = 3 + -2. Let z be 10*(0/h + 1). Let k(u) = -u**2 + 11*u - 4. What is the units digit of k(z)?
6
Let q = 283 + -169. What is the units digit of q?
4
Let g = 4 + -10. Let a be (g/8)/(3/(-12)). Suppose s + m - 10 = -m, -a*m + 43 = 5*s. What is the units digit of s?
8
Let u be (-3)/(-3 + 2) + 1. Suppose -4*z + u = -0. What is the units digit of z?
1
Let g = 482 - 214. What is the units digit of g?
8
Let x be 3/(-4) + (-9)/(-12). What is the units digit of (0 + 1)*3 - x?
3
Let d(k) = -7*k - 8. Let b(l) = -6*l - 8. Let s(j) = 4*b(j) - 3*d(j). What is the units digit of s(-8)?
6
Suppose 12 = 2*w + 2. Suppose -w*u + 43 = -27. What is the tens digit of u?
1
Let s(h) = -42*h + 38. What is the tens digit of s(-6)?
9
Let h = 167 - 24. What is the hundreds digit of h?
1
Suppose -3*k + 388 = -l, 5*l + 660 = -k + 6*k. What is the tens digit of k?
2
Let h = 7 - -40. What is the units digit of h?
7
What is the units digit of 49 - 4/8*-4?
1
Let d = -1 + 4. Let s = d + 0. What is the units digit of s/(-3) - 2 - -8?
5
Let m = 104 + -72. What is the tens digit of m?
3
Suppose 2*y = -y + 5*o + 2, y = o - 2. Let b be 0 + -17 - y/3. What is the units digit of (2/6)/((-1)/b)?
5
Let k = 68 - -54. What is the tens digit of k?
2
Suppose -3*h = -6 - 0. Let i = h + 4. What is the units digit of i?
6
Let y(j) = 4*j**3 - j**2 + 4*j - 5. Suppose -o = 2*o - 6. What is the tens digit of y(o)?
3
Let n(x) = 3*x**3 - 3*x**2 + 2*x - 1. Suppose 0 = 2*u + 5*z + 1, -2*u - 2*z = z - 1. What is the tens digit of n(u)?
1
Let i = -73 + 95. What is the units digit of i?
2
Suppose 0 = 2*f + f - 12. Suppose 0 = -2*n - 0*n + 3*g - 17, -n - f*g = -19. What is the units digit of 10 - ((-2)/n - 1)?
9
Let m = -3 + 3. Suppose m = -w + 4*w - 36. What is the units digit of w?
2
Suppose 3*c = 0, 2*c = -k - 3 + 1. Let x = k - -6. Suppose -30 = x*b - 7*b. What is the units digit of b?
0
Suppose -2*l + 252 = 2*l. Suppose m = -4*f, 4*m + 0*f = 5*f + l. What is the units digit of m?
2
Let d = -87 + 132. Let h = d - 24. What is the tens digit of h?
2
Let s(j) = -j**2 - 6*j + 8. Let y(r) = 2*r**2 + 7*r - 9. Let h(p) = 3*s(p) + 2*y(p). What is the tens digit of h(5)?
1
Let v(s) = 31*s - 1. What is the units digit of v(1)?
0
Let n be (-2)/10 + (-123)/(-15). Let r = 10 - n. Suppose -r*d = -d - 1. What is the units digit of d?
1
Let j(q) = q**3 - 6*q**2 + q + 4. Suppose -5*n + 5*m = 20, 4*n + n - 2*m = -8. Suppose -3*h + 3 = 3*p - n, -h + 21 = -3*p. What is the units digit of j(h)?
0
Suppose -z + 2 = 4*j, -z - 2*j + 0 = -2. Let k be 2 + (2 - (1 + 2)). Let o = z - k. What is the units digit of o?
1
Let i(o) = o**2 - 1. Let b = 2 + 2. What is the tens digit of i(b)?
1
Let g be (-3)/(((-30)/(-8))/5). Let m = g + 8. What is the units digit of m?
4
Let n(b) = b**2 + 3*b + 89. What is the tens digit of n(0)?
8
Let z = 20 - 27. What is the units digit of 0 + 7 + (-7)/z?
8
Let i = 0 - -3. Suppose 20 + 13 = i*c. What is the units digit of c?
1
Let p be 36/(-2 + (-32)/(-12)). Suppose -2*v + 4 = -p. What is the tens digit of v?
2
Suppose w + j = 19, -7*w + 107 = -2*w - j. Suppose -x + w = 2*x. What is the units digit of x?
7
Suppose 0 = -2*c + 7*c. Suppose c*t + 12 = 2*t. What is the units